MONTHLY CLIMATOLOGICAL SUMMARY for APR. 2018

NAME: South Erin   CITY: Erin STATE: New York
ELEV: 1663 ft LAT: 042:09:01 LONG: 0076:39:13

                            TEMPERATURE ( F), RAIN (in.), WIND SPEED (mph)

                                               HEAT     COOL           AVG
      MEAN                                     DEG      DEG            WIND                       DOM
DAY   TEMP    HIGH   TIME     LOW    TIME      DAYS     DAYS    RAIN   SPEED    HIGH    TIME      DIR
--------------------------------------------------------------------------------------------------------
01    37.1   048.7   00:51    29.1   22:14     27.8     00.0   00.03   04.4     21.9    07:41      NW
02    33.7   044.2   16:34    25.4   07:52     31.2     00.0   00.05   01.2     11.5    16:17      W 
03    36.0   040.0   00:00    31.4   04:20     28.9     00.0   00.11   05.3     25.3    23:57     SSE
04    41.0   053.1   10:02    25.7   00:00     23.9     00.0   00.05   09.5     48.3    12:45     WSW
05    26.7   034.2   14:49    21.8   06:10     38.2     00.0   00.00   05.6     31.1    00:15     WNW
06    31.7   045.7   15:24    22.7   03:43     33.2     00.0   00.08   05.2     41.4    16:16      SW
07    27.6   033.8   17:32    21.8   07:34     37.4     00.0   00.02   04.5     25.3    08:19      NW
08    24.8   032.7   14:37    19.0   05:18     40.1     00.0   00.00   03.2     25.3    14:54     NNW
09    29.0   040.2   15:05    18.2   03:29     35.9     00.0   00.00   01.1     10.3    18:47      W 
10    31.0   038.7   17:17    26.1   07:21     34.0     00.0   00.00   02.3     13.8    17:44      NW
11    35.8   045.6   15:59    25.7   04:54     29.1     00.0   00.00   01.8     19.6    12:26     WSW
12    45.0   060.0   21:40    31.8   04:19     19.9     00.0   00.08   03.2     26.4    21:31      S 
13    55.9   073.7   16:49    45.2   00:00     09.0     00.0   00.04   01.7     13.8    00:00      N 
14    38.8   045.2   00:04    33.3   00:00     26.1     00.0   00.00   04.4     19.6    05:54      N 
15    35.6   038.4   16:13    31.8   02:58     29.3     00.0   00.02   05.3     32.2    18:08     SSE
16    38.5   044.3   12:03    33.4   00:00     26.4     00.0   00.94   05.2     29.9    02:46      S 
17    31.8   034.4   10:24    28.1   21:15     33.2     00.0   00.08   04.1     26.4    19:41      W 
18    33.6   038.6   14:44    28.5   00:13     31.3     00.0   00.00   03.6     19.6    07:47      W 
19    31.2   035.4   13:22    28.5   00:00     33.8     00.0   00.11   04.0     25.3    13:46     NNW
20    32.2   039.4   17:18    26.6   07:00     32.8     00.0   00.00   06.1     23.0    17:59     NNW
21    40.4   053.0   16:39    27.4   06:35     24.6     00.0   00.00   02.9     24.1    11:37     NNW
22    46.0   059.7   14:29    29.6   06:49     18.9     00.0   00.00   02.0     18.4    14:24      N 
--------------------------------------------------------------------------------------------------------
35.6 (36.1)   73.7  day 13     18.2  day 09   645.2    000.0   01.61   03.9     48.3   day 04     WNW
Min <=  86: 22
Min <=   86: 22
Min <=  23: 5
Min <=   0: 22
Max Rain: 0.94 ON 16-04-18
Days of Rain: 12 (> .008in) 3 (> .08in) 1 (> 0.8in)