MONTHLY CLIMATOLOGICAL SUMMARY for NOV. 2017

NAME: South Erin   CITY: Erin STATE: New York
ELEV: 1663 ft LAT: 042:09:01 LONG: 0076:39:13

                            TEMPERATURE ( F), RAIN (in.), WIND SPEED (mph)

                                               HEAT     COOL           AVG
      MEAN                                     DEG      DEG            WIND                       DOM
DAY   TEMP    HIGH   TIME     LOW    TIME      DAYS     DAYS    RAIN   SPEED    HIGH    TIME      DIR
--------------------------------------------------------------------------------------------------------
01    36.8   047.1   00:00    30.5   05:25     28.1     00.0   00.25   01.3     10.3    15:43     SSE
02    54.3   063.6   14:58    47.0   00:01     10.6     00.0   00.24   03.3     16.1    16:10     SSE
03    50.8   059.0   01:43    38.7   21:53     14.1     00.0   00.07   03.1     18.4    14:29      NW
04    40.8   048.4   15:37    31.5   06:45     24.1     00.0   00.01   01.4     21.9    23:50      SE
05    50.8   057.6   22:38    43.6   01:47     14.2     00.0   00.10   06.6     28.8    03:08     SSE
06    46.1   056.9   00:43    30.5   23:56     18.9     00.0   00.52   03.3     23.0    13:37      NW
07    31.7   036.1   11:59    27.1   22:34     33.2     00.0   00.01   01.0     13.8    11:14      N 
08    32.2   042.5   14:07    23.3   07:13     32.7     00.0   00.00   00.3     11.5    11:37      N 
09    35.2   042.9   23:02    26.4   05:07     29.7     00.0   00.01   02.1     27.6    23:02      S 
10    21.0   034.7   00:36    15.0   19:44     44.0     00.0   00.01   06.1     33.4    09:33     NNW
11    23.0   031.0   14:36    14.6   01:04     41.9     00.0   00.00   00.9     11.5    10:10     SSW
12    31.5   041.4   13:36    21.1   07:18     33.5     00.0   00.00   00.6     11.5    02:34     SSE
13    36.7   045.1   14:45    32.3   06:11     28.2     00.0   00.00   01.1     16.1    18:34     NNW
14    35.8   039.0   13:53    31.2   23:54     29.2     00.0   00.00   01.0     08.1    16:12     NNW
15    36.4   044.7   14:24    28.8   08:22     28.5     00.0   00.01   03.7     26.4    22:45     SSE
16    39.9   045.6   10:44    33.7   00:00     25.1     00.0   00.07   05.4     27.6    16:07     WSW
17    31.0   037.5   14:12    27.4   22:52     34.0     00.0   00.00   04.4     27.6    01:53     NNW
18    36.9   043.5   22:54    28.1   02:03     28.1     00.0   00.20   04.8     26.4    23:50     SSE
--------------------------------------------------------------------------------------------------------
37.3 (37.4)   63.6  day 02     14.6  day 11   497.9    000.0   01.50   02.8     33.4   day 16     SSW
Max <=  32: 1
Min <=  86: 18
Min <=   86: 18
Min <=  23: 3
Min <=   0: 18
Max Rain: 0.52 ON 6-11-17
Days of Rain: 12 (> .008in) 5 (> .08in) 0 (> 0.8in)