MONTHLY CLIMATOLOGICAL SUMMARY for SEP. 2017

NAME: South Erin   CITY: Erin STATE: New York
ELEV: 1663 ft LAT: 042:09:01 LONG: 0076:39:13

                            TEMPERATURE ( F), RAIN (in.), WIND SPEED (mph)

                                               HEAT     COOL           AVG
      MEAN                                     DEG      DEG            WIND                       DOM
DAY   TEMP    HIGH   TIME     LOW    TIME      DAYS     DAYS    RAIN   SPEED    HIGH    TIME      DIR
--------------------------------------------------------------------------------------------------------
01    50.4   059.6   13:38    41.0   06:21     14.5     00.0   00.00   01.5     18.4    11:08      N 
02    51.9   064.0   12:53    42.4   03:39     13.0     00.0   00.03   02.1     16.1    21:00     SSE
03    55.6   060.7   13:56    51.7   01:06     09.3     00.0   00.41   01.7     12.7    16:52     SSW
04    64.3   076.4   15:41    51.6   05:29     00.6     00.0   00.01   02.4     23.0    16:28     SSW
05    62.8   070.7   13:50    54.7   22:23     02.2     00.0   00.44   00.8     19.6    02:27     WSW
06    57.5   060.8   14:30    55.0   07:50     07.5     00.0   00.23   00.7     11.5    07:58     SSE
07    55.3   064.7   14:50    48.7   23:47     09.6     00.0   00.18   01.6     19.6    16:35     WSW
08    52.8   061.0   12:14    47.2   00:00     12.2     00.0   00.11   01.4     14.9    10:08      W 
09    51.2   056.9   13:29    45.7   06:54     13.7     00.0   00.01   01.6     16.1    12:34     NNW
10    51.5   062.1   15:34    43.8   05:04     13.4     00.0   00.00   01.2     14.9    13:19     NNW
11    55.1   070.9   15:20    40.0   06:51     09.8     00.0   00.00   00.3     08.1    11:16      NE
12    61.5   075.8   15:18    49.8   06:49     03.5     00.0   00.00   00.4     06.9    16:18      SE
13    63.1   076.2   13:58    52.1   05:45     01.8     00.0   00.00   00.9     16.1    15:59     SSE
14    65.5   070.3   14:18    62.3   05:11     00.0     00.6   00.05   00.3     11.5    13:20     WSW
15    66.5   076.9   15:17    61.7   23:38     00.0     01.5   00.00   00.4     10.3    15:15     NNW
16    65.6   077.8   14:28    54.8   06:27     00.0     00.7   00.00   00.4     10.3    13:24      N 
18    69.2   078.9   15:04    60.8   04:03     00.0     04.2   00.00   01.1     12.7    11:55     SSE
19    66.6   077.8   15:43    59.0   02:31     00.0     01.6   00.00   00.6     10.3    14:30     SSE
20    65.6   077.9   15:15    54.9   07:28     00.0     00.6   00.00   01.1     16.1    13:08     NNE
21    65.2   077.9   14:44    58.4   03:20     00.0     00.3   00.00   00.6     12.7    15:43     NNW
22    64.1   076.8   14:19    56.3   06:50     00.9     00.0   00.01   01.0     13.8    14:56     NNW
23    66.7   081.6   13:44    52.4   06:40     00.0     01.7   00.00   00.9     12.7    13:45     NNW
24    71.7   084.4   14:35    61.1   06:48     00.0     06.8   00.00   01.1     14.9    14:35     NNW
--------------------------------------------------------------------------------------------------------
60.9 (61.9)   84.4  day 24     40.0  day 11   112.1    018.1   01.48   01.1     23.0   day 08      NW
Min <=  86: 23
Min <=   86: 23
Min <=   0: 23
Max Rain: 0.44 ON 5-09-17
Days of Rain: 10 (> .008in) 5 (> .08in) 0 (> 0.8in)