MONTHLY CLIMATOLOGICAL SUMMARY for APR. 2017

NAME: South Erin   CITY: Erin STATE: New York
ELEV: 1663 ft LAT: 042:09:01 LONG: 0076:39:13

                            TEMPERATURE ( F), RAIN (in.), WIND SPEED (mph)

                                               HEAT     COOL           AVG
      MEAN                                     DEG      DEG            WIND                       DOM
DAY   TEMP    HIGH   TIME     LOW    TIME      DAYS     DAYS    RAIN   SPEED    HIGH    TIME      DIR
--------------------------------------------------------------------------------------------------------
01    33.6   035.8   16:32    31.6   00:00     31.3     00.0   00.04   03.3     19.6    13:48     NNW
02    41.5   054.1   15:36    28.8   06:42     23.4     00.0   00.00   03.0     20.7    17:55      NW
03    50.7   063.4   17:13    39.3   05:33     14.3     00.0   00.04   02.9     25.3    19:21     SSE
04    52.3   064.3   14:13    44.5   03:20     12.6     00.0   00.41   05.4     31.1    23:22      SW
05    46.6   057.5   16:53    39.1   07:50     18.4     00.0   00.00   03.3     25.3    00:27     WNW
06    43.4   049.2   02:11    37.0   00:00     21.6     00.0   01.05   05.1     27.6    08:07     SSE
07    31.8   037.0   00:36    29.1   19:29     33.1     00.0   00.11   06.5     33.4    16:32      NW
08    37.2   047.0   17:10    27.6   06:59     27.8     00.0   00.00   04.9     25.3    11:19     NNW
09    50.8   067.1   17:28    32.8   07:12     14.1     00.0   00.00   02.2     17.3    16:47     SSW
10    63.4   077.0   15:09    47.0   06:28     01.6     00.0   00.00   02.9     24.1    13:17      S 
11    62.5   076.1   12:05    56.0   00:00     02.4     00.0   00.02   01.9     21.9    14:09     WSW
12    51.8   058.9   15:47    40.5   22:58     13.1     00.0   00.00   04.4     20.7    18:14     NNW
13    41.7   049.1   13:11    34.6   07:13     23.2     00.0   00.00   03.2     17.3    12:48     NNW
14    47.3   060.9   16:53    32.9   02:48     17.6     00.0   00.00   01.0     11.5    12:42     NNE
15    55.8   068.4   12:32    43.2   06:34     09.1     00.0   00.02   02.0     16.1    12:26      S 
16    63.6   078.8   14:47    56.5   00:00     01.4     00.0   00.11   03.2     26.4    12:36      SW
17    53.5   060.7   13:34    40.2   00:00     11.4     00.0   00.02   05.4     26.4    12:34     NNW
18    45.5   059.9   17:15    33.8   05:31     19.4     00.0   00.00   02.2     11.5    03:52      N 
19    47.5   052.3   10:55    45.7   07:02     17.4     00.0   00.34   05.1     29.9    09:11      S 
20    51.5   054.8   18:13    47.9   00:20     13.5     00.0   00.82   01.0     21.9    23:30     ESE
21    56.2   065.2   15:08    46.5   00:00     08.8     00.0   00.52   04.0     21.9    10:24      NE
22    42.6   046.5   00:08    35.0   23:32     22.3     00.0   00.00   03.6     17.3    18:32     NNW
23    49.4   066.3   18:15    31.6   06:12     15.6     00.0   00.00   01.0     10.3    17:27     WNW
--------------------------------------------------------------------------------------------------------
48.7 (48.9)   78.8  day 16     27.6  day 08   373.4    000.0   03.50   03.4     33.4   day 06     WNW
Min <=  86: 23
Min <=   86: 23
Min <=   0: 23
Max Rain: 1.05 ON 6-04-17
Days of Rain: 12 (> .008in) 7 (> .08in) 2 (> 0.8in)