MONTHLY CLIMATOLOGICAL SUMMARY for MAY. 2017

NAME: South Erin   CITY: Erin STATE: New York
ELEV: 1663 ft LAT: 042:09:01 LONG: 0076:39:13

                            TEMPERATURE ( F), RAIN (in.), WIND SPEED (mph)

                                               HEAT     COOL           AVG
      MEAN                                     DEG      DEG            WIND                       DOM
DAY   TEMP    HIGH   TIME     LOW    TIME      DAYS     DAYS    RAIN   SPEED    HIGH    TIME      DIR
--------------------------------------------------------------------------------------------------------
01    62.7   073.0   13:02    54.8   06:20     02.3     00.0   00.81   03.9     23.0    18:38     SSE
02    51.6   059.0   00:23    46.2   00:00     13.3     00.0   00.04   04.6     28.8    16:04     WSW
03    45.6   053.3   17:08    37.8   00:00     19.4     00.0   00.01   04.9     26.4    12:06      NW
04    44.0   052.5   13:02    36.2   06:33     21.0     00.0   00.11   01.8     21.9    13:30     SSE
05    48.5   055.6   00:00    41.8   03:30     16.4     00.0   00.59   05.1     26.4    14:13     SSE
06    49.7   056.2   10:56    41.2   00:00     15.2     00.0   01.10   02.5     17.3    16:19      W 
07    39.0   041.2   00:28    35.6   22:42     26.0     00.0   00.29   03.3     17.3    12:41     WNW
08    41.0   052.0   15:43    31.5   05:40     24.0     00.0   00.02   04.3     21.9    15:56      NW
09    43.0   056.0   16:48    31.3   06:28     22.0     00.0   00.00   02.3     19.6    12:45     NNW
10    43.8   054.5   16:13    34.3   06:47     21.1     00.0   00.00   02.0     14.9    11:49      N 
11    48.5   059.2   16:18    38.6   03:58     16.4     00.0   00.00   01.4     11.5    14:32      NE
--------------------------------------------------------------------------------------------------------
47.0 (47.4)   73.0  day 01     31.3  day 09   197.0    000.0   02.97   03.3     28.8   day 02      W 
Min <=  86: 11
Min <=   86: 11
Min <=   0: 11
Max Rain: 1.10 ON 6-05-17
Days of Rain: 8 (> .008in) 5 (> .08in) 2 (> 0.8in)