MONTHLY CLIMATOLOGICAL SUMMARY for JAN. 2018

NAME: South Erin   CITY: Erin STATE: New York
ELEV: 1663 ft LAT: 042:09:01 LONG: 0076:39:13

                            TEMPERATURE ( F), RAIN (in.), WIND SPEED (mph)

                                               HEAT     COOL           AVG
      MEAN                                     DEG      DEG            WIND                       DOM
DAY   TEMP    HIGH   TIME     LOW    TIME      DAYS     DAYS    RAIN   SPEED    HIGH    TIME      DIR
--------------------------------------------------------------------------------------------------------
01    04.0   010.8   15:22   -03.0   07:27     61.0     00.0   00.00   03.8     18.4    16:19      W 
02    11.9   017.8   14:45    07.5   00:00     53.1     00.0   00.00   05.3     24.1    11:43     WSW
03    11.1   022.1   14:27    00.6   07:52     53.9     00.0   00.00   02.6     14.9    16:40      S 
04    12.8   017.5   11:57    03.4   00:00     52.2     00.0   00.01   05.5     28.8    18:33      NW
05   -00.0   003.5   00:01   -02.8   23:52     65.0     00.0   00.00   06.2     29.9    12:12     WNW
06   -01.7   002.3   14:42   -04.7   08:22     66.7     00.0   00.00   05.5     26.4    02:06      NW
07    05.8   021.8   00:00   -08.1   05:03     59.2     00.0   00.00   02.5     19.6    17:37     SSW
08    29.2   034.8   19:16    21.0   07:33     35.7     00.0   00.00   02.8     20.7    12:32     SSW
09    30.6   034.6   02:12    25.6   00:00     34.3     00.0   00.00   04.0     26.4    12:13     WNW
10    29.0   037.8   14:33    17.1   06:43     36.0     00.0   00.00   03.3     23.0    21:21     SSE
11    45.5   055.1   14:31    36.2   00:09     19.4     00.0   00.03   05.1     26.4    20:37     SSE
12    49.7   060.6   11:19    24.5   00:00     15.3     00.0   01.02   06.6     26.4    20:14     SSE
13    11.0   024.6   00:01    03.2   23:52     53.9     00.0   00.17   06.9     34.5    03:56     NNW
14    04.5   013.7   15:03   -03.3   07:02     60.5     00.0   00.00   02.4     16.1    15:27     NNW
15    09.7   019.1   00:00   -02.3   07:53     55.2     00.0   00.00   02.4     18.4    10:11     NNW
16    23.2   026.9   11:41    19.0   00:29     41.8     00.0   00.11   01.0     13.8    01:14     NNW
17    15.9   023.8   03:11    09.3   22:08     49.1     00.0   00.02   02.2     14.9    12:05     NNW
18    14.1   021.4   14:32    08.1   05:37     50.8     00.0   00.00   02.7     17.3    11:02     NNW
19    26.6   036.1   15:59    17.1   07:25     38.3     00.0   00.00   01.9     14.9    09:33      W 
20    37.0   043.6   15:12    29.9   03:35     27.9     00.0   00.00   04.1     26.4    12:52      W 
21    35.8   039.1   11:45    32.6   06:25     29.1     00.0   00.01   01.4     12.7    04:47      SW
22    40.0   043.3   18:45    36.1   00:20     24.9     00.0   00.07   02.9     19.6    18:53     SSE
--------------------------------------------------------------------------------------------------------
20.3 (19.9)   60.6  day 12    -08.1  day 07   983.2    000.0   01.44   03.7     34.5   day 13     WNW
Max <=  32: 13
Min <=  86: 22
Min <=   86: 22
Max <= 23: 10
Min <=  23: 16
Max <=  14: 4
Min <=  14: 12
Max <=   5: 2
Min <=   5: 9
Min <=   0: 22
Min <=  -4: 2
Max Rain: 1.02 ON 12-01-18
Days of Rain: 8 (> .008in) 3 (> .08in) 1 (> 0.8in)