MONTHLY CLIMATOLOGICAL SUMMARY for JUL. 2017

NAME: South Erin   CITY: Erin STATE: New York
ELEV: 1663 ft LAT: 042:09:01 LONG: 0076:39:13

                            TEMPERATURE ( F), RAIN (in.), WIND SPEED (mph)

                                               HEAT     COOL           AVG
      MEAN                                     DEG      DEG            WIND                       DOM
DAY   TEMP    HIGH   TIME     LOW    TIME      DAYS     DAYS    RAIN   SPEED    HIGH    TIME      DIR
--------------------------------------------------------------------------------------------------------
01    71.3   079.2   13:32    64.3   00:00     00.0     06.4   00.37   01.0     14.9    05:16      SW
02    69.3   080.3   14:16    59.5   06:30     00.0     04.3   00.01   01.3     17.3    14:19      W 
03    68.1   076.8   16:03    59.2   23:51     00.0     03.2   00.00   01.7     17.3    11:06      NW
04    65.3   076.3   14:37    54.0   05:14     00.0     00.4   00.00   00.8     10.3    14:07      N 
05    69.5   080.9   15:20    55.6   05:54     00.0     04.5   00.00   01.5     13.8    16:04     SSE
06    69.2   074.6   13:28    63.3   05:11     00.0     04.2   00.00   01.3     13.8    15:27      S 
07    69.9   081.4   13:33    63.5   14:42     00.0     05.0   00.19   01.0     25.3    14:03     WSW
08    67.5   075.4   11:51    57.2   23:36     00.0     02.5   00.10   02.1     23.0    15:21     WNW
09    64.6   075.8   15:38    53.3   04:40     00.4     00.0   00.00   00.9     13.8    13:29      W 
10    67.1   076.8   11:50    57.9   02:50     00.0     02.1   00.03   00.8     14.9    15:54     SSW
11    70.0   079.0   17:15    61.8   06:24     00.0     05.1   00.10   00.8     09.2    16:01     SSW
12    72.9   080.2   16:10    68.5   02:28     00.0     08.0   00.07   00.9     11.5    17:26     WSW
13    72.5   076.9   08:46    67.9   21:12     00.0     07.6   00.13   01.0     19.6    12:08      W 
14    71.3   081.8   15:58    64.6   23:53     00.0     06.3   00.66   01.3     14.9    16:06      S 
15    65.8   071.7   15:18    61.2   23:52     00.0     00.8   00.01   01.4     13.8    16:40      NW
16    68.7   078.9   14:56    58.4   05:51     00.0     03.7   00.00   00.7     10.3    12:19      W 
17    68.0   083.6   13:55    61.2   06:01     00.0     03.0   00.09   01.1     19.6    14:36      S 
18    70.5   082.9   16:31    61.0   05:40     00.0     05.6   00.00   00.8     11.5    12:24     WSW
19    72.4   084.9   15:43    59.6   04:38     00.0     07.4   00.00   01.2     13.8    15:44      NW
20    71.9   082.6   13:24    66.6   23:59     00.0     07.0   01.47   01.0     34.5    15:40      W 
21    73.0   084.8   15:14    64.6   04:33     00.0     08.1   00.01   01.0     11.5    17:31      W 
22    70.1   075.9   11:09    63.6   05:57     00.0     05.2   00.00   00.2     06.9    18:29     NNW
23    69.3   076.3   15:50    64.5   21:05     00.0     04.4   00.33   01.1     12.7    15:58      SE
--------------------------------------------------------------------------------------------------------
69.5 (70.2)   84.9  day 19     53.3  day 09   000.4    104.8   03.58   01.1     34.5   day 20     WSW
Min <=  86: 23
Min <=   86: 23
Min <=   0: 23
Max Rain: 1.47 ON 20-07-17
Days of Rain: 14 (> .008in) 9 (> .08in) 1 (> 0.8in)